{"id":801,"date":"2024-10-14T09:48:59","date_gmt":"2024-10-14T09:48:59","guid":{"rendered":"https:\/\/www.diario21.tv\/noticias\/?page_id=801"},"modified":"2024-10-14T09:48:59","modified_gmt":"2024-10-14T09:48:59","slug":"aviso-legal","status":"publish","type":"page","link":"https:\/\/www.diario21.tv\/noticias\/aviso-legal\/","title":{"rendered":"Aviso Legal"},"content":{"rendered":"<h2>1. Informaci\u00f3n General<\/h2>\n<p>En cumplimiento con la Ley N\u00b0 25.326 de Protecci\u00f3n de los Datos Personales y otras normativas aplicables en Argentina, se informa a los usuarios del sitio web <strong>Diario 21<\/strong> sobre los t\u00e9rminos de uso y condiciones generales.<\/p>\n<p><strong>Titular del sitio:<\/strong> Diario 21<br \/>\n<strong>URL:<\/strong> <a href=\"https:\/\/www.diario21.tv\" target=\"_new\" rel=\"noopener\">https:\/\/www.diario21.tv<\/a><br \/>\n<strong>Direcci\u00f3n:<\/strong> Av. La Plata 150, C1212 Cdad. Aut\u00f3noma de Buenos Aires, Argentina<br \/>\n<strong>Tel\u00e9fono:<\/strong> +54 11 4983 5314<br \/>\n<strong>Correo electr\u00f3nico:<\/strong> <a rel=\"noopener\">contacto@diario21.tv<\/a><\/p>\n<h2>2. Alojamiento Web<\/h2>\n<p>El sitio web <strong>Diario 21<\/strong> est\u00e1 alojado en los servidores de:<\/p>\n<p><strong>Proveedor de Hosting:<\/strong><br \/>\nHosting Argentina<br \/>\n<strong>Direcci\u00f3n:<\/strong> 25 de Mayo 555, 4to piso, C1002 CABA, Buenos Aires, Argentina<br \/>\n<strong>Tel\u00e9fono:<\/strong> +54 11 5032 0089<br \/>\n<strong>Correo electr\u00f3nico:<\/strong> <a rel=\"noopener\">soporte@hostingargentina.com<\/a><\/p>\n<h2>3. Propiedad Intelectual<\/h2>\n<p>Todo el contenido de este sitio web, incluyendo textos, im\u00e1genes, logotipos, gr\u00e1ficos, videos, y dem\u00e1s elementos, son propiedad de <strong>Diario 21<\/strong>, a menos que se indique lo contrario. Est\u00e1 prohibida la reproducci\u00f3n, distribuci\u00f3n o modificaci\u00f3n, total o parcial, sin el consentimiento expreso del titular.<\/p>\n<h2>4. Responsabilidad sobre los Contenidos<\/h2>\n<p><strong>Diario 21<\/strong> no garantiza la exactitud, integridad o actualidad de la informaci\u00f3n publicada en el sitio web. Los art\u00edculos y opiniones publicadas reflejan el punto de vista de sus autores y no necesariamente la l\u00ednea editorial del sitio.<\/p>\n<p><strong>Diario 21<\/strong> no ser\u00e1 responsable por cualquier da\u00f1o o perjuicio derivado del uso de la informaci\u00f3n contenida en este sitio web, incluyendo enlaces a sitios de terceros.<\/p>\n<h2>5. Pol\u00edtica de Privacidad y Protecci\u00f3n de Datos<\/h2>\n<p>Los datos personales recogidos a trav\u00e9s del sitio web, tales como nombre, correo electr\u00f3nico o informaci\u00f3n de contacto, ser\u00e1n tratados conforme a la Ley de Protecci\u00f3n de Datos Personales. Estos datos no ser\u00e1n compartidos con terceros sin el consentimiento previo del usuario.<\/p>\n","protected":false},"excerpt":{"rendered":"<p>1. Informaci\u00f3n General En cumplimiento con la Ley N\u00b0 25.326 de Protecci\u00f3n de los Datos Personales y otras normativas aplicables en Argentina, se informa a los &#8230; <a title=\"Aviso Legal\" class=\"read-more\" href=\"https:\/\/www.diario21.tv\/noticias\/aviso-legal\/\" aria-label=\"Leer m\u00e1s sobre Aviso Legal\">Seguir leyendo &rarr;<\/a><\/p>\n","protected":false},"author":16,"featured_media":0,"parent":0,"menu_order":0,"comment_status":"closed","ping_status":"closed","template":"","meta":{"footnotes":""},"class_list":["post-801","page","type-page","status-publish"],"yoast_head":"<!-- This site is optimized with the Yoast SEO plugin v25.6 - https:\/\/yoast.com\/wordpress\/plugins\/seo\/ -->\n<title>Aviso Legal - Diario 21<\/title>\n<meta name=\"robots\" content=\"index, follow, max-snippet:-1, max-image-preview:large, max-video-preview:-1\" \/>\n<link rel=\"canonical\" href=\"https:\/\/www.diario21.tv\/noticias\/aviso-legal\/\" \/>\n<meta property=\"og:locale\" content=\"es_ES\" \/>\n<meta property=\"og:type\" content=\"article\" \/>\n<meta property=\"og:title\" content=\"Aviso Legal - Diario 21\" \/>\n<meta property=\"og:description\" content=\"1. Informaci\u00f3n General En cumplimiento con la Ley N\u00b0 25.326 de Protecci\u00f3n de los Datos Personales y otras normativas aplicables en Argentina, se informa a los ... Seguir leyendo &rarr;\" \/>\n<meta property=\"og:url\" content=\"https:\/\/www.diario21.tv\/noticias\/aviso-legal\/\" \/>\n<meta property=\"og:site_name\" content=\"Diario 21\" \/>\n<meta name=\"twitter:card\" content=\"summary_large_image\" \/>\n<meta name=\"twitter:label1\" content=\"Tiempo de lectura\" \/>\n\t<meta name=\"twitter:data1\" content=\"2 minutos\" \/>\n<script type=\"application\/ld+json\" class=\"yoast-schema-graph\">{\"@context\":\"https:\/\/schema.org\",\"@graph\":[{\"@type\":\"WebPage\",\"@id\":\"https:\/\/www.diario21.tv\/noticias\/aviso-legal\/\",\"url\":\"https:\/\/www.diario21.tv\/noticias\/aviso-legal\/\",\"name\":\"Aviso Legal - Diario 21\",\"isPartOf\":{\"@id\":\"https:\/\/www.diario21.tv\/noticias\/#website\"},\"datePublished\":\"2024-10-14T09:48:59+00:00\",\"breadcrumb\":{\"@id\":\"https:\/\/www.diario21.tv\/noticias\/aviso-legal\/#breadcrumb\"},\"inLanguage\":\"es-AR\",\"potentialAction\":[{\"@type\":\"ReadAction\",\"target\":[\"https:\/\/www.diario21.tv\/noticias\/aviso-legal\/\"]}]},{\"@type\":\"BreadcrumbList\",\"@id\":\"https:\/\/www.diario21.tv\/noticias\/aviso-legal\/#breadcrumb\",\"itemListElement\":[{\"@type\":\"ListItem\",\"position\":1,\"name\":\"Accueil\",\"item\":\"https:\/\/www.diario21.tv\/noticias\/\"},{\"@type\":\"ListItem\",\"position\":2,\"name\":\"Aviso Legal\"}]},{\"@type\":\"WebSite\",\"@id\":\"https:\/\/www.diario21.tv\/noticias\/#website\",\"url\":\"https:\/\/www.diario21.tv\/noticias\/\",\"name\":\"Diario 21\",\"description\":\"\",\"potentialAction\":[{\"@type\":\"SearchAction\",\"target\":{\"@type\":\"EntryPoint\",\"urlTemplate\":\"https:\/\/www.diario21.tv\/noticias\/?s={search_term_string}\"},\"query-input\":{\"@type\":\"PropertyValueSpecification\",\"valueRequired\":true,\"valueName\":\"search_term_string\"}}],\"inLanguage\":\"es-AR\"}]}<\/script>\n<!-- \/ Yoast SEO plugin. -->","yoast_head_json":{"title":"Aviso Legal - Diario 21","robots":{"index":"index","follow":"follow","max-snippet":"max-snippet:-1","max-image-preview":"max-image-preview:large","max-video-preview":"max-video-preview:-1"},"canonical":"https:\/\/www.diario21.tv\/noticias\/aviso-legal\/","og_locale":"es_ES","og_type":"article","og_title":"Aviso Legal - Diario 21","og_description":"1. Informaci\u00f3n General En cumplimiento con la Ley N\u00b0 25.326 de Protecci\u00f3n de los Datos Personales y otras normativas aplicables en Argentina, se informa a los ... Seguir leyendo &rarr;","og_url":"https:\/\/www.diario21.tv\/noticias\/aviso-legal\/","og_site_name":"Diario 21","twitter_card":"summary_large_image","twitter_misc":{"Tiempo de lectura":"2 minutos"},"schema":{"@context":"https:\/\/schema.org","@graph":[{"@type":"WebPage","@id":"https:\/\/www.diario21.tv\/noticias\/aviso-legal\/","url":"https:\/\/www.diario21.tv\/noticias\/aviso-legal\/","name":"Aviso Legal - Diario 21","isPartOf":{"@id":"https:\/\/www.diario21.tv\/noticias\/#website"},"datePublished":"2024-10-14T09:48:59+00:00","breadcrumb":{"@id":"https:\/\/www.diario21.tv\/noticias\/aviso-legal\/#breadcrumb"},"inLanguage":"es-AR","potentialAction":[{"@type":"ReadAction","target":["https:\/\/www.diario21.tv\/noticias\/aviso-legal\/"]}]},{"@type":"BreadcrumbList","@id":"https:\/\/www.diario21.tv\/noticias\/aviso-legal\/#breadcrumb","itemListElement":[{"@type":"ListItem","position":1,"name":"Accueil","item":"https:\/\/www.diario21.tv\/noticias\/"},{"@type":"ListItem","position":2,"name":"Aviso Legal"}]},{"@type":"WebSite","@id":"https:\/\/www.diario21.tv\/noticias\/#website","url":"https:\/\/www.diario21.tv\/noticias\/","name":"Diario 21","description":"","potentialAction":[{"@type":"SearchAction","target":{"@type":"EntryPoint","urlTemplate":"https:\/\/www.diario21.tv\/noticias\/?s={search_term_string}"},"query-input":{"@type":"PropertyValueSpecification","valueRequired":true,"valueName":"search_term_string"}}],"inLanguage":"es-AR"}]}},"_links":{"self":[{"href":"https:\/\/www.diario21.tv\/noticias\/wp-json\/wp\/v2\/pages\/801"}],"collection":[{"href":"https:\/\/www.diario21.tv\/noticias\/wp-json\/wp\/v2\/pages"}],"about":[{"href":"https:\/\/www.diario21.tv\/noticias\/wp-json\/wp\/v2\/types\/page"}],"author":[{"embeddable":true,"href":"https:\/\/www.diario21.tv\/noticias\/wp-json\/wp\/v2\/users\/16"}],"replies":[{"embeddable":true,"href":"https:\/\/www.diario21.tv\/noticias\/wp-json\/wp\/v2\/comments?post=801"}],"version-history":[{"count":1,"href":"https:\/\/www.diario21.tv\/noticias\/wp-json\/wp\/v2\/pages\/801\/revisions"}],"predecessor-version":[{"id":802,"href":"https:\/\/www.diario21.tv\/noticias\/wp-json\/wp\/v2\/pages\/801\/revisions\/802"}],"wp:attachment":[{"href":"https:\/\/www.diario21.tv\/noticias\/wp-json\/wp\/v2\/media?parent=801"}],"curies":[{"name":"wp","href":"https:\/\/api.w.org\/{rel}","templated":true}]}}