{"id":791,"date":"2024-10-14T09:24:49","date_gmt":"2024-10-14T09:24:49","guid":{"rendered":"https:\/\/www.diario21.tv\/noticias\/?page_id=791"},"modified":"2024-10-14T09:24:49","modified_gmt":"2024-10-14T09:24:49","slug":"contactanos","status":"publish","type":"page","link":"https:\/\/www.diario21.tv\/noticias\/contactanos\/","title":{"rendered":"Cont\u00e1ctanos"},"content":{"rendered":"<p>\u00a1Nos encantar\u00eda saber de ti! Ya sea para consultas, sugerencias o solicitudes de colaboraci\u00f3n, no dudes en ponerte en contacto con nosotros a trav\u00e9s de las siguientes opciones.<\/p>\n<h2>Informaci\u00f3n de contacto<\/h2>\n<p><strong>Direcci\u00f3n:<\/strong><br \/>\nAv. La Plata 150,<br \/>\nC1212 Cdad. Aut\u00f3noma de Buenos Aires,<br \/>\nArgentina<\/p>\n<p><strong>Tel\u00e9fono:<\/strong><br \/>\n+54 11 4983 5314<\/p>\n<h2>Correos electr\u00f3nicos<\/h2>\n<ul>\n<li>Para propuestas comerciales y publicidad:<br \/>\n<a rel=\"noopener\">publicidad@diario21.tv<\/a><\/li>\n<li>Para consultas generales o sugerencias:<br \/>\n<a rel=\"noopener\">contacto@diario21.tv<\/a><\/li>\n<li>Para contactar a nuestro equipo de redacci\u00f3n:<br \/>\n<a rel=\"noopener\">redaccion@diario21.tv<\/a><\/li>\n<\/ul>\n<h2>Formulario de contacto<\/h2>\n<p>Tambi\u00e9n puedes enviarnos un mensaje directamente a trav\u00e9s del siguiente formulario. Nos pondremos en contacto contigo lo antes posible.<\/p>\n\n<div class=\"wpcf7 no-js\" id=\"wpcf7-f792-o1\" lang=\"en-US\" dir=\"ltr\" data-wpcf7-id=\"792\">\n<div class=\"screen-reader-response\"><p role=\"status\" aria-live=\"polite\" aria-atomic=\"true\"><\/p> <ul><\/ul><\/div>\n<form action=\"\/noticias\/wp-json\/wp\/v2\/pages\/791#wpcf7-f792-o1\" method=\"post\" class=\"wpcf7-form init\" aria-label=\"Contact form\" novalidate=\"novalidate\" data-status=\"init\">\n<div style=\"display: none;\">\n<input type=\"hidden\" name=\"_wpcf7\" value=\"792\" \/>\n<input type=\"hidden\" name=\"_wpcf7_version\" value=\"6.0.6\" \/>\n<input type=\"hidden\" name=\"_wpcf7_locale\" value=\"en_US\" \/>\n<input type=\"hidden\" name=\"_wpcf7_unit_tag\" value=\"wpcf7-f792-o1\" \/>\n<input type=\"hidden\" name=\"_wpcf7_container_post\" value=\"0\" \/>\n<input type=\"hidden\" name=\"_wpcf7_posted_data_hash\" value=\"\" \/>\n<\/div>\n<p><label> Nombre:<br \/>\n<span class=\"wpcf7-form-control-wrap\" data-name=\"your-name\"><input size=\"40\" maxlength=\"400\" class=\"wpcf7-form-control wpcf7-text wpcf7-validates-as-required\" autocomplete=\"name\" aria-required=\"true\" aria-invalid=\"false\" value=\"\" type=\"text\" name=\"your-name\" \/><\/span> <\/label>\n<\/p>\n<p><label> Correo electr\u00f3nico:<br \/>\n<span class=\"wpcf7-form-control-wrap\" data-name=\"your-email\"><input size=\"40\" maxlength=\"400\" class=\"wpcf7-form-control wpcf7-email wpcf7-validates-as-required wpcf7-text wpcf7-validates-as-email\" autocomplete=\"email\" aria-required=\"true\" aria-invalid=\"false\" value=\"\" type=\"email\" name=\"your-email\" \/><\/span> <\/label>\n<\/p>\n<p><label> Asunto:<br \/>\n<span class=\"wpcf7-form-control-wrap\" data-name=\"your-subject\"><input size=\"40\" maxlength=\"400\" class=\"wpcf7-form-control wpcf7-text wpcf7-validates-as-required\" aria-required=\"true\" aria-invalid=\"false\" value=\"\" type=\"text\" name=\"your-subject\" \/><\/span> <\/label>\n<\/p>\n<p><label> Mensaje:<br \/>\n<span class=\"wpcf7-form-control-wrap\" data-name=\"your-message\"><textarea cols=\"40\" rows=\"10\" maxlength=\"2000\" class=\"wpcf7-form-control wpcf7-textarea\" aria-invalid=\"false\" name=\"your-message\"><\/textarea><\/span> <\/label>\n<\/p>\n<p><span class=\"wpcf7-form-control-wrap\" data-name=\"quiz-537\"><label><span class=\"wpcf7-quiz-label\">Por favor, reescriba la palabra Diario<\/span> <input size=\"40\" class=\"wpcf7-form-control wpcf7-quiz\" autocomplete=\"off\" aria-required=\"true\" aria-invalid=\"false\" type=\"text\" name=\"quiz-537\" \/><\/label><input type=\"hidden\" name=\"_wpcf7_quiz_answer_quiz-537\" value=\"4a7ceea4cafc7c3a442092a8c8a3a074\" \/><\/span>\n<\/p>\n<p><input class=\"wpcf7-form-control wpcf7-submit has-spinner\" type=\"submit\" value=\"Enviar\" \/>\n<\/p><div class=\"wpcf7-response-output\" aria-hidden=\"true\"><\/div>\n<\/form>\n<\/div>\n\n","protected":false},"excerpt":{"rendered":"<p>\u00a1Nos encantar\u00eda saber de ti! Ya sea para consultas, sugerencias o solicitudes de colaboraci\u00f3n, no dudes en ponerte en contacto con nosotros a trav\u00e9s de las &#8230; <a title=\"Cont\u00e1ctanos\" class=\"read-more\" href=\"https:\/\/www.diario21.tv\/noticias\/contactanos\/\" aria-label=\"Leer m\u00e1s sobre Cont\u00e1ctanos\">Seguir leyendo &rarr;<\/a><\/p>\n","protected":false},"author":16,"featured_media":0,"parent":0,"menu_order":0,"comment_status":"closed","ping_status":"closed","template":"","meta":{"footnotes":""},"class_list":["post-791","page","type-page","status-publish"],"yoast_head":"<!-- This site is optimized with the Yoast SEO plugin v25.6 - https:\/\/yoast.com\/wordpress\/plugins\/seo\/ -->\n<title>Cont\u00e1ctanos - Diario 21<\/title>\n<meta name=\"description\" content=\"\u00a1Nos encantar\u00eda saber de ti! Ya sea para consultas, sugerencias o solicitudes de colaboraci\u00f3n, no dudes en ponerte en contacto con nosotros a trav\u00e9s de las siguientes opciones.\" \/>\n<meta name=\"robots\" content=\"index, follow, max-snippet:-1, max-image-preview:large, max-video-preview:-1\" \/>\n<link rel=\"canonical\" href=\"https:\/\/www.diario21.tv\/noticias\/contactanos\/\" \/>\n<meta property=\"og:locale\" content=\"es_ES\" \/>\n<meta property=\"og:type\" content=\"article\" \/>\n<meta property=\"og:title\" content=\"Cont\u00e1ctanos - Diario 21\" \/>\n<meta property=\"og:description\" content=\"\u00a1Nos encantar\u00eda saber de ti! Ya sea para consultas, sugerencias o solicitudes de colaboraci\u00f3n, no dudes en ponerte en contacto con nosotros a trav\u00e9s de las siguientes opciones.\" \/>\n<meta property=\"og:url\" content=\"https:\/\/www.diario21.tv\/noticias\/contactanos\/\" \/>\n<meta property=\"og:site_name\" content=\"Diario 21\" \/>\n<meta name=\"twitter:card\" content=\"summary_large_image\" \/>\n<meta name=\"twitter:label1\" content=\"Tiempo de lectura\" \/>\n\t<meta name=\"twitter:data1\" content=\"1 minuto\" \/>\n<script type=\"application\/ld+json\" class=\"yoast-schema-graph\">{\"@context\":\"https:\/\/schema.org\",\"@graph\":[{\"@type\":\"WebPage\",\"@id\":\"https:\/\/www.diario21.tv\/noticias\/contactanos\/\",\"url\":\"https:\/\/www.diario21.tv\/noticias\/contactanos\/\",\"name\":\"Cont\u00e1ctanos - Diario 21\",\"isPartOf\":{\"@id\":\"https:\/\/www.diario21.tv\/noticias\/#website\"},\"datePublished\":\"2024-10-14T09:24:49+00:00\",\"description\":\"\u00a1Nos encantar\u00eda saber de ti! Ya sea para consultas, sugerencias o solicitudes de colaboraci\u00f3n, no dudes en ponerte en contacto con nosotros a trav\u00e9s de las siguientes opciones.\",\"breadcrumb\":{\"@id\":\"https:\/\/www.diario21.tv\/noticias\/contactanos\/#breadcrumb\"},\"inLanguage\":\"es-AR\",\"potentialAction\":[{\"@type\":\"ReadAction\",\"target\":[\"https:\/\/www.diario21.tv\/noticias\/contactanos\/\"]}]},{\"@type\":\"BreadcrumbList\",\"@id\":\"https:\/\/www.diario21.tv\/noticias\/contactanos\/#breadcrumb\",\"itemListElement\":[{\"@type\":\"ListItem\",\"position\":1,\"name\":\"Accueil\",\"item\":\"https:\/\/www.diario21.tv\/noticias\/\"},{\"@type\":\"ListItem\",\"position\":2,\"name\":\"Cont\u00e1ctanos\"}]},{\"@type\":\"WebSite\",\"@id\":\"https:\/\/www.diario21.tv\/noticias\/#website\",\"url\":\"https:\/\/www.diario21.tv\/noticias\/\",\"name\":\"Diario 21\",\"description\":\"\",\"potentialAction\":[{\"@type\":\"SearchAction\",\"target\":{\"@type\":\"EntryPoint\",\"urlTemplate\":\"https:\/\/www.diario21.tv\/noticias\/?s={search_term_string}\"},\"query-input\":{\"@type\":\"PropertyValueSpecification\",\"valueRequired\":true,\"valueName\":\"search_term_string\"}}],\"inLanguage\":\"es-AR\"}]}<\/script>\n<!-- \/ Yoast SEO plugin. -->","yoast_head_json":{"title":"Cont\u00e1ctanos - Diario 21","description":"\u00a1Nos encantar\u00eda saber de ti! Ya sea para consultas, sugerencias o solicitudes de colaboraci\u00f3n, no dudes en ponerte en contacto con nosotros a trav\u00e9s de las siguientes opciones.","robots":{"index":"index","follow":"follow","max-snippet":"max-snippet:-1","max-image-preview":"max-image-preview:large","max-video-preview":"max-video-preview:-1"},"canonical":"https:\/\/www.diario21.tv\/noticias\/contactanos\/","og_locale":"es_ES","og_type":"article","og_title":"Cont\u00e1ctanos - Diario 21","og_description":"\u00a1Nos encantar\u00eda saber de ti! Ya sea para consultas, sugerencias o solicitudes de colaboraci\u00f3n, no dudes en ponerte en contacto con nosotros a trav\u00e9s de las siguientes opciones.","og_url":"https:\/\/www.diario21.tv\/noticias\/contactanos\/","og_site_name":"Diario 21","twitter_card":"summary_large_image","twitter_misc":{"Tiempo de lectura":"1 minuto"},"schema":{"@context":"https:\/\/schema.org","@graph":[{"@type":"WebPage","@id":"https:\/\/www.diario21.tv\/noticias\/contactanos\/","url":"https:\/\/www.diario21.tv\/noticias\/contactanos\/","name":"Cont\u00e1ctanos - Diario 21","isPartOf":{"@id":"https:\/\/www.diario21.tv\/noticias\/#website"},"datePublished":"2024-10-14T09:24:49+00:00","description":"\u00a1Nos encantar\u00eda saber de ti! Ya sea para consultas, sugerencias o solicitudes de colaboraci\u00f3n, no dudes en ponerte en contacto con nosotros a trav\u00e9s de las siguientes opciones.","breadcrumb":{"@id":"https:\/\/www.diario21.tv\/noticias\/contactanos\/#breadcrumb"},"inLanguage":"es-AR","potentialAction":[{"@type":"ReadAction","target":["https:\/\/www.diario21.tv\/noticias\/contactanos\/"]}]},{"@type":"BreadcrumbList","@id":"https:\/\/www.diario21.tv\/noticias\/contactanos\/#breadcrumb","itemListElement":[{"@type":"ListItem","position":1,"name":"Accueil","item":"https:\/\/www.diario21.tv\/noticias\/"},{"@type":"ListItem","position":2,"name":"Cont\u00e1ctanos"}]},{"@type":"WebSite","@id":"https:\/\/www.diario21.tv\/noticias\/#website","url":"https:\/\/www.diario21.tv\/noticias\/","name":"Diario 21","description":"","potentialAction":[{"@type":"SearchAction","target":{"@type":"EntryPoint","urlTemplate":"https:\/\/www.diario21.tv\/noticias\/?s={search_term_string}"},"query-input":{"@type":"PropertyValueSpecification","valueRequired":true,"valueName":"search_term_string"}}],"inLanguage":"es-AR"}]}},"_links":{"self":[{"href":"https:\/\/www.diario21.tv\/noticias\/wp-json\/wp\/v2\/pages\/791"}],"collection":[{"href":"https:\/\/www.diario21.tv\/noticias\/wp-json\/wp\/v2\/pages"}],"about":[{"href":"https:\/\/www.diario21.tv\/noticias\/wp-json\/wp\/v2\/types\/page"}],"author":[{"embeddable":true,"href":"https:\/\/www.diario21.tv\/noticias\/wp-json\/wp\/v2\/users\/16"}],"replies":[{"embeddable":true,"href":"https:\/\/www.diario21.tv\/noticias\/wp-json\/wp\/v2\/comments?post=791"}],"version-history":[{"count":1,"href":"https:\/\/www.diario21.tv\/noticias\/wp-json\/wp\/v2\/pages\/791\/revisions"}],"predecessor-version":[{"id":793,"href":"https:\/\/www.diario21.tv\/noticias\/wp-json\/wp\/v2\/pages\/791\/revisions\/793"}],"wp:attachment":[{"href":"https:\/\/www.diario21.tv\/noticias\/wp-json\/wp\/v2\/media?parent=791"}],"curies":[{"name":"wp","href":"https:\/\/api.w.org\/{rel}","templated":true}]}}